{"id":451,"date":"2023-09-28T02:22:39","date_gmt":"2023-09-28T00:22:39","guid":{"rendered":"https:\/\/ok100.cz\/?page_id=451"},"modified":"2023-10-07T04:54:07","modified_gmt":"2023-10-07T02:54:07","slug":"media","status":"publish","type":"page","link":"https:\/\/ok100.cz\/index.php\/media\/","title":{"rendered":"Pro m\u00e9dia"},"content":{"rendered":"<p>[et_pb_section fb_built=&#8221;1&#8243; _builder_version=&#8221;4.22.1&#8243; _module_preset=&#8221;default&#8221; global_colors_info=&#8221;{}&#8221;][et_pb_row _builder_version=&#8221;4.22.1&#8243; _module_preset=&#8221;default&#8221; custom_padding=&#8221;||35px|||&#8221; global_colors_info=&#8221;{}&#8221;][et_pb_column type=&#8221;4_4&#8243; _builder_version=&#8221;4.22.1&#8243; _module_preset=&#8221;default&#8221; global_colors_info=&#8221;{}&#8221;][et_pb_text _builder_version=&#8221;4.22.1&#8243; _module_preset=&#8221;default&#8221; text_font_size=&#8221;35px&#8221; global_colors_info=&#8221;{}&#8221;]<\/p>\n<p>PRO M\u00c9DIA<\/p>\n<p>[\/et_pb_text][et_pb_text _builder_version=&#8221;4.22.1&#8243; _module_preset=&#8221;default&#8221; global_colors_info=&#8221;{}&#8221;]<\/p>\n<p>V p\u0159\u00edpad\u011b vyu\u017eit\u00ed materi\u00e1l\u016f z projektu OK100\/M\u00f3da na palub\u00e1ch \u010cSA pros\u00edme o uveden\u00ed zdroje webov\u00e9 str\u00e1nky <strong><a href=\"http:\/\/www.ok100.cz\">www.ok100.cz<\/a> <\/strong>nebo &#8220;kniha M\u00f3da na palub\u00e1ch \u010cSA&#8221;<\/p>\n<p>[\/et_pb_text][\/et_pb_column][\/et_pb_row][et_pb_row column_structure=&#8221;1_3,1_3,1_3&#8243; _builder_version=&#8221;4.22.1&#8243; _module_preset=&#8221;default&#8221; global_colors_info=&#8221;{}&#8221;][et_pb_column type=&#8221;1_3&#8243; _builder_version=&#8221;4.22.1&#8243; _module_preset=&#8221;default&#8221; global_colors_info=&#8221;{}&#8221;][et_pb_text _builder_version=&#8221;4.22.1&#8243; _module_preset=&#8221;default&#8221; text_font_size=&#8221;22px&#8221; global_colors_info=&#8221;{}&#8221;]<\/p>\n<p>KONTAKT<\/p>\n<p>[\/et_pb_text][et_pb_text _builder_version=&#8221;4.22.1&#8243; _module_preset=&#8221;default&#8221; global_colors_info=&#8221;{}&#8221;]<\/p>\n<p>M\u00e1te z\u00e1jem publikovat fotografie na va\u0161em webu nebo pou\u017e\u00edt videa do va\u0161\u00ed report\u00e1\u017ee? R\u00e1di v\u00e1m materi\u00e1l poskytneme. M\u016f\u017eete n\u00e1s kontaktovat n\u00e1sleduj\u00edc\u00edm zp\u016fsobem.<\/p>\n<p>E-mail: <span style=\"color: #3366ff;\"><a href=\"mailto:ok100@ok100.cz\" style=\"color: #3366ff;\">ok100@ok100.cz<\/a><\/span><\/p>\n<p>Telefon: +420 736 450 853<\/p>\n<p>[\/et_pb_text][\/et_pb_column][et_pb_column type=&#8221;1_3&#8243; _builder_version=&#8221;4.22.1&#8243; _module_preset=&#8221;default&#8221; global_colors_info=&#8221;{}&#8221;][et_pb_text _builder_version=&#8221;4.22.1&#8243; _module_preset=&#8221;default&#8221; text_font_size=&#8221;22px&#8221; global_colors_info=&#8221;{}&#8221;]<\/p>\n<p>TISKOV\u00c9 ZPR\u00c1VY<\/p>\n<p>[\/et_pb_text][et_pb_text _builder_version=&#8221;4.22.1&#8243; _module_preset=&#8221;default&#8221; global_colors_info=&#8221;{}&#8221;]<\/p>\n<p>31. 9. 2023<br \/>O projektu OK100 <span style=\"color: #3366ff;\"><a href=\"http:\/\/ok100.cz\/wp-content\/uploads\/2023\/10\/Tiskova-zprava_OK100.pdf\" rel=\"attachment wp-att-561\" style=\"color: #3366ff;\">Tiskova\u0301 zpra\u0301va_OK100<\/a><\/span><\/p>\n<p>9. 10. 2023<br \/>V\u00fdstava uniforem (p\u0159ipravujeme)<\/p>\n<p>&nbsp;<\/p>\n<p>[\/et_pb_text][\/et_pb_column][et_pb_column type=&#8221;1_3&#8243; _builder_version=&#8221;4.22.1&#8243; _module_preset=&#8221;default&#8221; global_colors_info=&#8221;{}&#8221;][et_pb_text _builder_version=&#8221;4.22.1&#8243; _module_preset=&#8221;default&#8221; text_font_size=&#8221;22px&#8221; global_colors_info=&#8221;{}&#8221;]<\/p>\n<p>M\u00c9DIA<\/p>\n<p>[\/et_pb_text][et_pb_text _builder_version=&#8221;4.22.1&#8243; _module_preset=&#8221;default&#8221; hover_enabled=&#8221;0&#8243; global_colors_info=&#8221;{}&#8221; sticky_enabled=&#8221;0&#8243;]<\/p>\n<p><span style=\"color: #3366ff;\"><a href=\"http:\/\/ok100.cz\/wp-content\/uploads\/2023\/09\/Moda-na-palubach-ukazky-kniha.zip\" rel=\"attachment wp-att-466\" style=\"color: #3366ff;\">Uk\u00e1zky z knihy M\u00f3da na palub\u00e1ch<\/a><\/span><\/p>\n<p><span style=\"color: #3366ff;\"><a href=\"http:\/\/ok100.cz\/wp-content\/uploads\/2023\/10\/Vystava-Uniforem-CSA.zip\" rel=\"attachment wp-att-632\" style=\"color: #3366ff;\">V\u00fdstava Uniforem \u010cSA \u2013 Hotel Courtyard, Praha<\/a><\/span><\/p>\n<p>Z p\u0159\u00edpravy projektu OK100 (dostupn\u00e9 v \u0159\u00edjnu)<\/p>\n<p>[\/et_pb_text][\/et_pb_column][\/et_pb_row][et_pb_row _builder_version=&#8221;4.22.1&#8243; _module_preset=&#8221;default&#8221; global_colors_info=&#8221;{}&#8221;][et_pb_column type=&#8221;4_4&#8243; _builder_version=&#8221;4.22.1&#8243; _module_preset=&#8221;default&#8221; global_colors_info=&#8221;{}&#8221;][et_pb_text _builder_version=&#8221;4.22.1&#8243; _module_preset=&#8221;default&#8221; global_colors_info=&#8221;{}&#8221;]<\/p>\n<p>Tento projekt vytvo\u0159ili fanou\u0161ci letectv\u00ed a b\u00fdval\u00ed zam\u011bstnanci \u010cSA a nen\u00ed nijak propojen s \u010cesk\u00fdmi aeroliniemi a. s.<\/p>\n<p>[\/et_pb_text][et_pb_image src=&#8221;http:\/\/ok100.cz\/wp-content\/uploads\/2023\/08\/OK-100-logo-small-300&#215;128.png&#8221; title_text=&#8221;OK-100-logo-small&#8221; align=&#8221;center&#8221; _builder_version=&#8221;4.22.1&#8243; _module_preset=&#8221;default&#8221; width=&#8221;15%&#8221; global_colors_info=&#8221;{}&#8221;][\/et_pb_image][\/et_pb_column][\/et_pb_row][et_pb_row _builder_version=&#8221;4.22.1&#8243; _module_preset=&#8221;default&#8221; global_colors_info=&#8221;{}&#8221;][et_pb_column type=&#8221;4_4&#8243; _builder_version=&#8221;4.22.1&#8243; _module_preset=&#8221;default&#8221; global_colors_info=&#8221;{}&#8221;][et_pb_image src=&#8221;http:\/\/ok100.cz\/wp-content\/uploads\/2023\/10\/DSC0220.jpg&#8221; title_text=&#8221;_DSC0220&#8243; _builder_version=&#8221;4.22.1&#8243; _module_preset=&#8221;default&#8221; border_radii=&#8221;on|15px|15px|15px|15px&#8221; global_colors_info=&#8221;{}&#8221;][\/et_pb_image][et_pb_gallery gallery_ids=&#8221;608,607,619,622,615,605,617,625,614,611,599,624&#8243; posts_number=&#8221;12&#8243; show_title_and_caption=&#8221;off&#8221; show_pagination=&#8221;off&#8221; _builder_version=&#8221;4.22.1&#8243; _module_preset=&#8221;default&#8221; border_radii_image=&#8221;on|12px|12px|12px|12px&#8221; global_colors_info=&#8221;{}&#8221;][\/et_pb_gallery][et_pb_image src=&#8221;http:\/\/ok100.cz\/wp-content\/uploads\/2023\/08\/OK-100-logo-small-300&#215;128.png&#8221; title_text=&#8221;OK-100-logo-small&#8221; align=&#8221;center&#8221; _builder_version=&#8221;4.22.1&#8243; _module_preset=&#8221;default&#8221; width=&#8221;15%&#8221; global_colors_info=&#8221;{}&#8221;][\/et_pb_image][et_pb_image src=&#8221;http:\/\/ok100.cz\/wp-content\/uploads\/2023\/09\/DSC0082.jpg&#8221; title_text=&#8221;_DSC0082&#8243; _builder_version=&#8221;4.22.1&#8243; _module_preset=&#8221;default&#8221; border_radii=&#8221;on|15px|15px|15px|15px&#8221; global_colors_info=&#8221;{}&#8221;][\/et_pb_image][et_pb_gallery gallery_ids=&#8221;298,308,310,307,303,302,306,297,296,295,293,300&#8243; posts_number=&#8221;12&#8243; show_title_and_caption=&#8221;off&#8221; show_pagination=&#8221;off&#8221; _builder_version=&#8221;4.22.1&#8243; _module_preset=&#8221;default&#8221; border_radii_image=&#8221;on|12px|12px|12px|12px&#8221; global_colors_info=&#8221;{}&#8221;][\/et_pb_gallery][et_pb_image src=&#8221;http:\/\/ok100.cz\/wp-content\/uploads\/2023\/08\/OK-100-logo-small-300&#215;128.png&#8221; title_text=&#8221;OK-100-logo-small&#8221; align=&#8221;center&#8221; _builder_version=&#8221;4.22.1&#8243; _module_preset=&#8221;default&#8221; width=&#8221;15%&#8221; global_colors_info=&#8221;{}&#8221;][\/et_pb_image][et_pb_image src=&#8221;http:\/\/ok100.cz\/wp-content\/uploads\/2023\/10\/Kalendar-avgeek-main.jpg&#8221; title_text=&#8221;Kalendar-avgeek-main&#8221; _builder_version=&#8221;4.22.1&#8243; _module_preset=&#8221;default&#8221; border_radii=&#8221;on|15px|15px|15px|15px&#8221; global_colors_info=&#8221;{}&#8221;][\/et_pb_image][et_pb_gallery gallery_ids=&#8221;580,578,577,569,568,570,575,572,574,588,579,589&#8243; posts_number=&#8221;12&#8243; show_title_and_caption=&#8221;off&#8221; show_pagination=&#8221;off&#8221; _builder_version=&#8221;4.22.1&#8243; _module_preset=&#8221;default&#8221; border_radii_image=&#8221;on|12px|12px|12px|12px&#8221; global_colors_info=&#8221;{}&#8221;][\/et_pb_gallery][\/et_pb_column][\/et_pb_row][\/et_pb_section]<\/p>\n","protected":false},"excerpt":{"rendered":"<p>PRO M\u00c9DIAV p\u0159\u00edpad\u011b vyu\u017eit\u00ed materi\u00e1l\u016f z projektu OK100\/M\u00f3da na palub\u00e1ch \u010cSA pros\u00edme o uveden\u00ed zdroje webov\u00e9 str\u00e1nky www.ok100.cz nebo &#8220;kniha M\u00f3da na palub\u00e1ch \u010cSA&#8221;KONTAKTM\u00e1te z\u00e1jem publikovat fotografie na va\u0161em webu nebo pou\u017e\u00edt videa do va\u0161\u00ed report\u00e1\u017ee? R\u00e1di v\u00e1m materi\u00e1l poskytneme. M\u016f\u017eete n\u00e1s kontaktovat n\u00e1sleduj\u00edc\u00edm zp\u016fsobem. E-mail: ok100@ok100.cz Telefon: +420 736 450 853TISKOV\u00c9 ZPR\u00c1VY31. 9. 2023O [&hellip;]<\/p>\n","protected":false},"author":2,"featured_media":0,"parent":0,"menu_order":0,"comment_status":"closed","ping_status":"closed","template":"","meta":{"_et_pb_use_builder":"on","_et_pb_old_content":"","_et_gb_content_width":"","footnotes":""},"_links":{"self":[{"href":"https:\/\/ok100.cz\/index.php\/wp-json\/wp\/v2\/pages\/451"}],"collection":[{"href":"https:\/\/ok100.cz\/index.php\/wp-json\/wp\/v2\/pages"}],"about":[{"href":"https:\/\/ok100.cz\/index.php\/wp-json\/wp\/v2\/types\/page"}],"author":[{"embeddable":true,"href":"https:\/\/ok100.cz\/index.php\/wp-json\/wp\/v2\/users\/2"}],"replies":[{"embeddable":true,"href":"https:\/\/ok100.cz\/index.php\/wp-json\/wp\/v2\/comments?post=451"}],"version-history":[{"count":18,"href":"https:\/\/ok100.cz\/index.php\/wp-json\/wp\/v2\/pages\/451\/revisions"}],"predecessor-version":[{"id":639,"href":"https:\/\/ok100.cz\/index.php\/wp-json\/wp\/v2\/pages\/451\/revisions\/639"}],"wp:attachment":[{"href":"https:\/\/ok100.cz\/index.php\/wp-json\/wp\/v2\/media?parent=451"}],"curies":[{"name":"wp","href":"https:\/\/api.w.org\/{rel}","templated":true}]}}